{"id":67,"date":"2019-04-13T15:45:50","date_gmt":"2019-04-13T13:45:50","guid":{"rendered":"https:\/\/maripura.de\/?page_id=67"},"modified":"2026-04-08T08:28:35","modified_gmt":"2026-04-08T06:28:35","slug":"aktuelles-und-news","status":"publish","type":"page","link":"https:\/\/maripura.de\/index.php\/aktuelles-und-news\/","title":{"rendered":"Aktuelles und News"},"content":{"rendered":"\n<p><\/p>\n\n\n\n<p><\/p>\n\n\n\n<p>&#8212;&#8212;&#8212;&#8212;&#8212;&#8212;&#8212;&#8212;&#8212;&#8212;&#8212;&#8212;&#8212;&#8212;&#8212;&#8212;&#8212;&#8212;&#8212;&#8212;&#8212;&#8212;&#8212;&#8212;&#8212;&#8212;&#8212;&#8212;&#8212;&#8212;&#8212;&#8212;&#8212;&#8212;&#8212;&#8212;&#8211;<\/p>\n\n\n\n<p>\ud83d\udc71\u200d\u2640\ufe0f\ud83d\udc75\ud83d\udc69Wohlf\u00fchlseminar f\u00fcr Frauen in der Lebensmitte\ud83d\udc71\u200d\u2640\ufe0f\ud83d\udc75\ud83d\udc69<\/p>\n\n\n\n<p><\/p>\n\n\n\n<p>Hast Du Lust auf ein Wochenende ganz f\u00fcr dich?<\/p>\n\n\n\n<p>Dann bist du herzlich eingeladen zu unserem Wohlf\u00fchl-Seminar rund um Frauengesundheit, Lebensfreude und Balance in den Wechseljahren.<\/p>\n\n\n\n<p>Zum Einstieg \u00f6ffnen wir den Raum mit einem Frauenkreis, in dem wir Fragen, W\u00fcnsche und Erwartungen teilen \u2013 ganz in Ruhe und Verbundenheit.<\/p>\n\n\n\n<p>Im Laufe des Seminars widmen wir uns verschiedenen Themen:<\/p>\n\n\n\n<p>spannende Impulse und Alltagstipps zu den Wechseljahren,<\/p>\n\n\n\n<p>kreative Tanz- und Bewegungseinheiten voller Leichtigkeit,<\/p>\n\n\n\n<p>sanftes Hormonyoga zur Aktivierung deiner Energie und Unterst\u00fctzung des hormonellen Gleichgewichts.<\/p>\n\n\n\n<p>Kerstin zeigt eine praktische Selbstabtastung der Brust ( ohne Nacktheit)&nbsp; und Tanja gibt wertvolle Einblicke in die Traditionelle Chinesische Medizin und ihre Sicht auf Frauengesundheit.<\/p>\n\n\n\n<p>Den ersten Abend lassen wir mit einer kreativen, k\u00f6rperbetonten Trancereise ausklingen \u2013 ein wunderbarer \u00dcbergang in Entspannung und Innenschau.<\/p>\n\n\n\n<p>Lass dich inspirieren, tanke Energie und entdecke neue Seiten deiner Weiblichkeit \u2013 in Gemeinschaft, Freude und Leichtigkeit.<\/p>\n\n\n\n<p>Kerstin begleitet dich mit ihrem Wissen als Frauen\u00e4rztin, Sexual\u2011 und Mikron\u00e4hrstofftherapeutin und K\u00f6rper\u2011 und Traumatherapeutin.<\/p>\n\n\n\n<p>Tanja bringt ihre Erfahrung als \u00c4rztin f\u00fcr Chinesische Medizin ein, und Marion als Heilpraktikerin f\u00fcr Psychotherapie, Yogalehrerin sowie Traumasensible Coachin und K\u00f6rpertherapeutin gestaltet den kreativen und bewegten Teil des Seminars.<\/p>\n\n\n\n<p>Termin: 10. \/11. April&nbsp;<\/p>\n\n\n\n<p>Fr: 18:30 bis 20:30 Uhr<\/p>\n\n\n\n<p>Sa: 10:00 bis 17 Uhr&nbsp;<\/p>\n\n\n\n<p>Energieausgleich:<\/p>\n\n\n\n<p>190 Euro inkl. Snacks\u00a0<\/p>\n\n\n\n<p>Namaste&nbsp;<\/p>\n\n\n\n<p>Kerstin , Tanja und Marion<\/p>\n\n\n\n<p>&#8212;&#8212;&#8212;&#8212;&#8212;&#8212;&#8212;&#8212;&#8212;&#8212;&#8212;&#8212;&#8212;&#8212;&#8212;&#8212;&#8212;&#8212;&#8212;&#8212;&#8212;&#8212;&#8212;&#8212;&#8212;&#8212;&#8212;&#8212;&#8212;&#8212;&#8212;&#8212;&#8212;&#8212;&#8212;&#8212;&#8211;<\/p>\n\n\n\n<p><\/p>\n\n\n\n<p>Am 17.05.2026 findet wieder ein Konzert im Yogastudio statt.<\/p>\n\n\n\n<p>Infos unter <a href=\"https:\/\/www.duolyrisch.de\/\">https:\/\/www.duolyrisch.de\/<\/a><\/p>\n\n\n\n<p><\/p>\n\n\n\n<p><\/p>\n\n\n\n<p>Ich freue mich auf Dich \ud83d\ude4f\ud83c\udffb<\/p>\n\n\n\n<p><br><\/p>\n\n\n\n<p><\/p>\n\n\n\n<hr class=\"wp-block-separator has-alpha-channel-opacity\"\/>\n\n\n\n<p><\/p>\n\n\n\n<hr class=\"wp-block-separator has-alpha-channel-opacity\"\/>\n\n\n\n<p><\/p>\n\n\n\n<p><strong>&nbsp;&nbsp;&nbsp;&nbsp;&nbsp;&nbsp;&nbsp;&nbsp;<\/strong><\/p>\n\n\n\n<p>____________________________________________<\/p>\n\n\n\n<p><\/p>\n\n\n\n<hr class=\"wp-block-separator has-css-opacity is-style-wide\"\/>\n\n\n\n<hr class=\"wp-block-separator has-css-opacity is-style-wide\"\/>\n\n\n\n<h2 class=\"wp-block-heading\"><\/h2>\n\n\n\n<h2 class=\"wp-block-heading\"><br><br><br><\/h2>\n\n\n\n<hr class=\"wp-block-separator has-css-opacity is-style-wide\"\/>\n\n\n\n<h2 class=\"wp-block-heading\">In den Schulferien zu beachten<\/h2>\n\n\n\n<p>In den Schulferien und an gesetzlichen Feiertagen (Br\u00fcckentagen) \nfindet kein Yogakurs statt. Ausnahmen werden rechtzeitig bekannt \ngegeben.<\/p>\n\n\n\n<hr class=\"wp-block-separator has-css-opacity is-style-wide\"\/>\n","protected":false},"excerpt":{"rendered":"<p>&#8212;&#8212;&#8212;&#8212;&#8212;&#8212;&#8212;&#8212;&#8212;&#8212;&#8212;&#8212;&#8212;&#8212;&#8212;&#8212;&#8212;&#8212;&#8212;&#8212;&#8212;&#8212;&#8212;&#8212;&#8212;&#8212;&#8212;&#8212;&#8212;&#8212;&#8212;&#8212;&#8212;&#8212;&#8212;&#8212;&#8211; \ud83d\udc71\u200d\u2640\ufe0f\ud83d\udc75\ud83d\udc69Wohlf\u00fchlseminar f\u00fcr Frauen in der Lebensmitte\ud83d\udc71\u200d\u2640\ufe0f\ud83d\udc75\ud83d\udc69 Hast Du Lust auf ein Wochenende ganz f\u00fcr dich? Dann bist du herzlich eingeladen zu unserem Wohlf\u00fchl-Seminar rund um Frauengesundheit, Lebensfreude und Balance in den Wechseljahren. Zum Einstieg \u00f6ffnen wir den Raum mit einem Frauenkreis, in dem wir Fragen, W\u00fcnsche und Erwartungen teilen \u2013 ganz in Ruhe und &hellip; <\/p>\n<p class=\"link-more\"><a href=\"https:\/\/maripura.de\/index.php\/aktuelles-und-news\/\" class=\"more-link\"><span class=\"screen-reader-text\">\u201eAktuelles und News\u201c<\/span> weiterlesen<\/a><\/p>\n","protected":false},"author":1,"featured_media":0,"parent":0,"menu_order":0,"comment_status":"closed","ping_status":"closed","template":"","meta":{"footnotes":""},"class_list":["post-67","page","type-page","status-publish","hentry"],"_links":{"self":[{"href":"https:\/\/maripura.de\/index.php\/wp-json\/wp\/v2\/pages\/67","targetHints":{"allow":["GET"]}}],"collection":[{"href":"https:\/\/maripura.de\/index.php\/wp-json\/wp\/v2\/pages"}],"about":[{"href":"https:\/\/maripura.de\/index.php\/wp-json\/wp\/v2\/types\/page"}],"author":[{"embeddable":true,"href":"https:\/\/maripura.de\/index.php\/wp-json\/wp\/v2\/users\/1"}],"replies":[{"embeddable":true,"href":"https:\/\/maripura.de\/index.php\/wp-json\/wp\/v2\/comments?post=67"}],"version-history":[{"count":375,"href":"https:\/\/maripura.de\/index.php\/wp-json\/wp\/v2\/pages\/67\/revisions"}],"predecessor-version":[{"id":2161,"href":"https:\/\/maripura.de\/index.php\/wp-json\/wp\/v2\/pages\/67\/revisions\/2161"}],"wp:attachment":[{"href":"https:\/\/maripura.de\/index.php\/wp-json\/wp\/v2\/media?parent=67"}],"curies":[{"name":"wp","href":"https:\/\/api.w.org\/{rel}","templated":true}]}}